culate n(v).
-5
Let a(f) = -4*f**2 + 2*f**2 - 3 - f**2 + 2*f**2 - 7*f. Give a(-3).
9
Let z(g) = -4*g**2 - 3*g**2 + g**2 + 4*g**3 - 5*g**3. Suppose k + 3 = -3. Calculate z(k).
0
Let n(f) = -f**2 + 4*f + 5*f**2 + 7 - 5*f**2. Calculate n(6).
-5
Suppose 0 = -3*g, 0*g - 2 = 2*m - 2*g. Let b = m - -6. Let k(j) = -j + 6. Give k(b).
1
Let u(i) = -2*i**3 - 5*i**2. Let w(q) = -10*q**3 - 24*q**2. Let j(d) = 14*u(d) - 3*w(d). Let t be (-2)/(-2 + (-6)/(-2)). Determine j(t).
-8
Let u(y) = y**2 - 6*y - 8. Let j = 18 - 12. Give u(j).
-8
Let w(j) be the second derivative of -j**6/360 + j**5/30 + j**4/6 - 2*j**3/3 - 2*j. Let c(a) be the second derivative of w(a). What is c(5)?
-1
Let m(w) = 9*w**2 - 5*w + 5. Let u(a) = 5*a**2 - 2*a + 2. Let k(i) = -4*m(i) + 7*u(i). Suppose 0 = 3*n - n - 8. Calculate k(n).
2
Let x(w) = w + 1. Let d(b) = 3*b + 10 - 4*b + 4*b. Let q(i) = d(i) - 6*x(i). Let y = -1 + 4. Determine q(y).
-5
Let t(c) = -2*c + 6. Let j = 10 - 8. Suppose j*r + r = -3*q + 3, -r + 17 = 5*q. Determine t(q).
-2
Suppose -h - o - 2 = 4*o, 1 = -o. Let w(g) = 7*g - 4*g - 3*g + h - 5*g. Calculate w(2).
-7
Let r(m) = m + 8. Suppose -j - 1 = 2*k - 19, 0 = 3*j - 6. Let s be 0/(-3 + k/4). Give r(s).
8
Suppose -4*k - 2*b + 60 = 0, 3*k - 45 = b - 3*b. Let x = 10 - k. Let a(u) = 6 + 8*u + 3*u + u**2 - 3*u. Determine a(x).
-9
Let g(k) = 5*k + k**3 - 4*k**2 - 2*k + 2 - 3. Let b be 0*2*(-2)/(-4). Suppose 5*l - 13 + 3 = b. What is g(l)?
-3
Let i(b) = -2*b + 1 + 0*b**2 - 4 - b**2. Let y = 13 - 1. Let n = y - 15. Calculate i(n).
-6
Suppose -5*m - 24 = 2*l, 5*m = -5*l - 38 + 8. Let k(j) be the third derivative of -j**4/24 + 3*j**2. Determine k(l).
2
Let d(j) = 4*j + 5 + 5*j - 3*j + j + j**2. Calculate d(-6).
-1
Suppose s - 4*s = -3. Let i(n) = -4*n**2 + n - 1. Let h(z) = -z**2 + z. Let g(y) = -h(y) + i(y). Calculate g(s).
-4
Suppose -3*f - l + 21 = 0, 5*f + 4*l = 2*l + 36. Let s = -3 + f. Let b be s + 0/(2 - -1). Let w(g) = g**3 - 4*g**2 + g. Give w(b).
-6
Let r(j) = -4*j**2 + 4*j - 3 - 7*j + 3*j**2 + 2*j**2. What is r(5)?
7
Let v(n) = -n**3 + 5*n**2 - 3*n - 5. Let b be (-2)/4 + (-72)/(-16). What is v(b)?
-1
Let b(f) = f - 1. Let d(t) = -2*t + 3. Let i(x) = -5*b(x) - d(x). Give i(7).
-19
Let y(f) = f + 5. Let j = -10 - -3. Let n be j*(-1)/((-1)/(-2)). Suppose 2*i - d = -11, -3*i - 2*d + n = -5*i. What is y(i)?
1
Let u(c) = -c**2 + 5. Let x = 13 + -8. Calculate u(x).
-20
Suppose 2*i - 6*i - 12 = 4*w, -19 = i + 5*w. Let n(t) = 6*t**2 - 3*t**2 - 1 - 1 + i - t. What is n(-2)?
13
Let y(b) be the second derivative of 2*b**3/3 + 3*b**2/2 - 2*b + 12. What is y(-4)?
-13
Suppose 0 = 3*a + 16 - 4. Let d(v) = v**2 + 3*v - 1. Let q be d(a). Let b(z) = -z**3 + 5*z**2 - 4 + 7*z**2 - 10*z**2 + q*z. Give b(3).
-4
Suppose 0 = s - 4 + 2, -2*s - 1 = -c. Let h(x) = -7*x**2 + x + 10. Let q(z) = -4*z**2 + 5. Let p(w) = -3*h(w) + 5*q(w). Calculate p(c).
5
Let r = -130 - -127. Let v(c) = -c**2 - 5*c. Give v(r).
6
Let s(v) = -4*v + 6*v - 4*v + 3*v. Let h(w) = -w - 8. Let r be h(-6). Calculate s(r).
-2
Let t be -1 + -2 + 9/3. Suppose t = -7*v + 2*v + 10. Let w be (-2)/((0 - v)/4). Let q(d) = d + 2. Calculate q(w).
6
Let l(t) = -2*t - 3*t - 40 + 41. What is l(4)?
-19
Let y(t) = t**3 - 6*t**2 + t - 5. Let r be (-3 - -3) + 0 + 0. Let m(j) = 3*j**3 + j**2 - 2*j + 1. Let k be m(1). Suppose 0 = -r*q - k*q + 18. Determine y(q).
1
Suppose 15 = 3*x - 8*x. Let h(l) = 3*l**3 - 6*l**2 + 1 + 0*l**3 - 4*l**3 + 4*l**2. Give h(x).
10
Let h be (((-21)/(-6))/(-7))/(-1). Let b(i) be the first derivative of -i - 1/3*i**3 + h*i**2 - 2. Give b(2).
-3
Let u(x) be the third derivative of -x**5/60 - x**4/6 - 2*x**3/3 + 6*x**2. Determine u(-4).
-4
Let c(o) = -2*o**2 - 5 - 2*o + 5 + o**2. Give c(-5).
-15
Suppose 4*y - 2 = 10. Let m be 1/y + 8/3. Let f(i) = i + 8*i - 11*i - 3. What is f(m)?
-9
Let n(v) be the third derivative of -v**4/24 - v**3/2 + 4*v**2. Give n(0).
-3
Let r(c) = -4*c - 5. Let a(y) = 3*y + 4. Let j(b) = 6*a(b) + 5*r(b). Let d(m) = m + 1. Let u be d(4). Suppose -u*x + x - 4 = 0. What is j(x)?
1
Suppose -b - 2*w = -28, -2*b + 3*w + 51 = 6*w. Let k = -1 + -12. Let v = k + b. Let m(h) = h**3 - 5*h**2. Give m(v).
0
Let b be ((-2)/4*-2)/((-5)/(-20)). Let k(y) = -y**2 + 5*y + 2. Determine k(b).
6
Let p(g) = g**3 + g**2 + 3*g - 4. Let h(l) = -l**3 - l. Let n(c) = -2*h(c) - p(c). Let k = -3 - -8. Suppose 3*b = -s - 0*s + 2, -k*b + 6 = 3*s. What is n(b)?
4
Let y(b) = b**3 - 7*b**2 + 8*b - 6. Let q(g) = -g**3 + 4*g**2 + 13*g - 1. Let f be q(6). Calculate y(f).
-16
Suppose -5*y + 9 = -4*p, -5*y + 7 = -3*p + p. Let f be 3/p + 3 + -1. Let w(o) = 7*o. Give w(f).
-7
Let i(y) = y - 1. Let r(d) = 4*d - 10. Let b(g) = -5*i(g) + r(g). What is b(-4)?
-1
Let p(f) be the first derivative of -f**4/4 - 5*f**3/3 + 7*f**2/2 + 5*f - 5. Suppose 18 = -4*y + y. Determine p(y).
-1
Let p(g) = 6*g + 1. Let a be ((-2)/4)/((-2)/(-8)). Determine p(a).
-11
Let g = -3/8 + 15/8. Let o(l) be the first derivative of 1/3*l**3 + 2 + l + g*l**2. Give o(-3).
1
Let f(q) be the second derivative of -1/20*q**5 + 0 - 1/3*q**4 - 2*q + 0*q**2 + 2/3*q**3. Calculate f(-5).
5
Let p be 1 - -2*(-9)/6. Let d be 42/9 + p/(-6). Let h(c) = -c**3 + 5*c**2 + c + 3. What is h(d)?
8
Let o be 4/(-6) + 30/(-9). Let x(n) = 2*n + 3*n - 6*n - 5. Calculate x(o).
-1
Let m(w) = -w**2 - 3*w + 3. Let d be m(-4). Let b(h) be the second derivative of -3*h**5/10 - h**4/6 - h**3/3 - h**2/2 + 5*h. Determine b(d).
5
Let y(k) be the first derivative of -k**3/3 + 4*k + 1. Calculate y(-3).
-5
Let d be (-1 - (-14)/6)/(22/33). Let a(v) be the first derivative of -4 - v - 7/2*v**d - 1/3*v**3. What is a(-6)?
5
Let u(a) = -a + 3 - 4 + 0*a. Suppose 0 = 3*k + 6, -4*p + 82 = -k - 0*k. Suppose n - 2*v - 2*v = -p, 4*v = -4*n. What is u(n)?
3
Let t be 5/(-3) - (-1)/(-3). Let f(d) be the first derivative of 5*d**2 - 7*d**2 - 3 - 2*d + d**2 + 0*d**2. Determine f(t).
2
Let j(q) = -5*q - 2 + 2*q**2 - 7*q**2 + 3*q**2. Suppose -8 = -2*s - 2. Suppose -s*z - 6 = 3. Give j(z).
-5
Let p(c) be the second derivative of c**4/4 - 2*c**3/3 + c**2 + c. Calculate p(2).
6
Let d = -7 + 9. Suppose -2*c = d*c. Let p(h) = -h**3 + h + 6. What is p(c)?
6
Let h be (19/57)/((-1)/(-18)). Suppose l + 2*v - 4 = 0, h*v - 8 = 2*l + 2*v. Let p(a) = -a**3 + a**2 - a. Calculate p(l).
0
Suppose d + 0 = 2. Suppose -g = -0*g + d*h + 4, -3*g - 4 = 4*h. Let x(q) = -2*q + 4. Calculate x(g).
-4
Suppose -d + 6*d - 10 = -g, -6 = -3*d + 3*g. Suppose 2*m - 4 = -d*m. Let k(q) be the second derivative of -q**3/2 + q**2/2 - 2*q. Determine k(m).
-2
Let q(y) = y**3 - 5*y**2 - y - 3. Let u = -7 - -21. Let i = u - 9. Determine q(i).
-8
Suppose -y + 11 - 1 = s, -3*y - 5*s + 40 = 0. Let c(h) = 4*h - 2. What is c(y)?
18
Suppose 3*q - 5*r = -14, -4*q + q + 3*r = 6. Let u(l) be the second derivative of 0 + 1/2*l**2 - 1/6*l**3 + 2*l. What is u(q)?
-1
Let v(d) be the first derivative of d**7/840 - d**6/120 + d**5/40 + 7*d**3/3 + 7. Let o(g) be the third derivative of v(g). What is o(2)?
2
Let x(s) = s**3 + 0*s**3 + 16*s + 4*s**2 + 3 - 12*s. Suppose 0*j = -j. Suppose -2*w - 5*n - 6 = j, -2*w = 3*n - 4 + 10. Calculate x(w).
0
Suppose 2*d = 0, -3*d - 13 - 27 = -4*c. Let p(v) = -v + 9. Give p(c).
-1
Let p(v) = -v**2 - 3*v + 3. Let u(o) = -4*o. Let r be u(-1). Suppose -14 = 5*l - 164. Suppose 2*t + 3*t + r*f - l = 0, f + 1 = 3*t. Determine p(t).
-7
Let s(y) = -21*y**2 - 5*y + 4. Let m(a) = -a**2 - a + 1. Let h(g) = 4*m(g) - s(g). Calculate h(-1).
16
Let b = 44 - 26. Suppose 2*a - 5*a = b. Let p(k) = k**3 + 5*k**2 - 7*k - 9. What is p(a)?
-3
Let c be 1 - (-3 - (3 - 6)). Let u(p) = -c + 3 - 2 + p. Determine u(-1).
-1
Let s(d) = -d**3 + 7*d**2 - d + 3. Suppose -n + 28 = 3*n - 5*c, 7 = n - 4*c. What is s(n)?
-4
Let i = 8 - 8. Let d(q) be the third derivative of 0*q**3 + 5/24*q**4 + 1/60*q**5 + i*q + 0 - 3*q**2. What is d(-5)?
0
Let g(o) = -o**2 - 4*o + 1. Let l(k) = -k**3 + 4*k**2 + 5*k - 3. Let j be l(5). Let p be g(j). Let v(n) = -n + 7. Calculate v(p).
3
Let i(g) = g - 3. Let l be i(4). Let p(x) = l - 3*x + 20*x**2 - 21*x**2 - 3. Determine p(-4).
-6
Let n(u) = 2*u + 29. Let i be n(-10). Let l(m) = -m**2 + 10*m - 7. Give l(i).
2
Let c(k) = -k**2 + 9*k + 11. Let l be c(10). Let d(z) = z**3 - z**2 - z + 1. Let i(t) = 14*t**3 - 6*t**2 - 7*t + 4. Let b(u) = l*i(u) - 5*d